-2)/12. What is the greatest common factor of t and 26?
13
Suppose 0 = i + t - 42, 2*t = 6*t + 8. What is the greatest common divisor of i and 110?
22
Let z = -78 - -159. What is the greatest common factor of 9 and z?
9
Suppose 1 = 2*a + b - 4, 2*a - 8 = -4*b. Suppose 0*r = -a*r + 12. Calculate the highest common factor of r and 54.
6
Suppose -2*p - 420 = -7*p. Suppose 2*c - 72 = -2*c. Let l be 8/6*c/2. Calculate the highest common factor of p and l.
12
Let y(x) = x**3 + 1. Let r(u) = u**3 + 2*u**2 + 3*u - 2. Let g(z) = -r(z) + 2*y(z). Let f be g(5). What is the greatest common divisor of 160 and f?
32
Suppose -4*w = -5*n - 28, 5*w - 4*n - 22 - 4 = 0. Suppose -l + 72 = w*l. What is the greatest common factor of 60 and l?
12
Let y(n) = -n**3 - 8*n**2 - 9*n - 1. Let o be y(-7). Calculate the highest common factor of 91 and o.
13
Suppose -3*f = w - 8, f + 2*w + 4 = -0*w. Suppose 2*d - 6*d = f*h - 188, 3*h = 2*d - 84. Let q = -6 - -24. Calculate the greatest common factor of d and q.
9
Let c = 78 - 32. What is the greatest common divisor of c and 69?
23
Let b(x) = 2*x**2 + 17*x + 3. Let y be b(-12). Suppose 0 = -3*t + 3*u + y, 0 = -3*t - u - 12 + 95. Calculate the greatest common divisor of 42 and t.
14
Suppose -5*p = -2*p - 75. Calculate the highest common factor of 5 and p.
5
Suppose c = -3*t + 382, 5*t - 5*c + c - 614 = 0. What is the highest common factor of 42 and t?
42
Let j(r) = -r**2 + 11*r - 9. Let n be j(8). Calculate the greatest common factor of 10 and n.
5
Let o(c) = -c**3 - c**2 - c + 120. Let d be o(0). Suppose 12 = -0*s + 4*s, 0 = -2*h - s + 33. What is the greatest common factor of d and h?
15
Let n(p) = p**2 + 5*p - 2. Let s be n(6). Let t(d) = -8*d**2 + 1. Let x be t(1). Let m be 9/1 + x + 6. Calculate the highest common divisor of m and s.
8
Suppose -25 = -o + 6*o. Let g(t) = t**3 + 7*t**2 + 6*t - 6. Let b be g(o). Calculate the highest common divisor of 2 and b.
2
Let n = -2935 - -1423. Let d be (n/(-16))/(1/2). Let w = 378 - d. Calculate the greatest common factor of 21 and w.
21
Let p be (2 + (-14 - 3))*-22. What is the highest common divisor of 30 and p?
30
Let i = -6 - -34. Calculate the highest common divisor of 14 and i.
14
Suppose -2*a - 2 + 6 = 0. Suppose 0 = 3*b - 4*h - 1152, -2*b + 249 = h - 530. Let y be b/14 - a/(-7). Calculate the greatest common factor of 4 and y.
4
Suppose -x = -0*x - 82. Suppose -141 = -3*d + y - 4*y, -x = -2*d + 2*y. Let r be ((-6)/4)/((-3)/22). Calculate the greatest common factor of r and d.
11
Let i = -867 - -1295. Let p = -268 + i. Calculate the greatest common factor of 20 and p.
20
Let i(p) = -12*p - 46. Let k be i(-6). What is the greatest common divisor of 39 and k?
13
Let k(i) = i + 18. Let j be k(-8). Calculate the highest common factor of j and 25.
5
Let u(h) = 7*h. Let i be u(4). Let k = i - 18. What is the highest common divisor of k and 10?
10
Let m(d) = -3*d + 9. Let z be m(-6). Calculate the greatest common factor of z and 3.
3
Suppose -3*k - 10 = 3*v - 67, k = 3*v - 37. What is the highest common factor of v and 126?
14
Suppose 4*o + 1 = -3, -20 = -4*n - 4*o. Let p = -6 + 2. Let s be (2 - 2) + (0 - p). What is the highest common divisor of n and s?
2
Let g(s) be the third derivative of s**5/20 + 5*s**4/24 + 2*s**3/3 - s**2. Let v be g(-3). Calculate the greatest common divisor of 40 and v.
8
Let k = -122 - -133. What is the highest common factor of 22 and k?
11
Let c(f) = 2*f + 3. Let z(l) = l + 2. Let p(o) = 5*c(o) - 8*z(o). Let i be p(-2). Let m be 10/i + 15*1. Calculate the greatest common factor of 65 and m.
13
Let w = 42 + -37. Let k = 26 + -6. Calculate the highest common factor of w and k.
5
Suppose 4*b + 54 = 3*h + b, -10 = -h - 3*b. Let u = 27 - h. What is the greatest common factor of u and 11?
11
Let u(h) = 6*h + 2. Let b be u(11). Calculate the greatest common divisor of 102 and b.
34
Let p be ((-30)/8)/(15/(-40)). Calculate the greatest common factor of p and 30.
10
Let s be 2 - 4 - (-29 - -4). Let d(c) = 2*c**2 + 5*c - 2. Let b be d(-5). Calculate the highest common divisor of b and s.
23
Let f be (0 - 3/5) + 13/5. Let k = -3 + 6. Calculate the greatest common factor of k and f.
1
Suppose 0 = 5*n + o + 4, 5*o = 2*n - 20. Suppose 3*x = 2*j + 15, -3*x - j + 3 + 3 = n. What is the greatest common factor of x and 9?
3
Suppose -5*w = -20, 2*p - 5*w - 572 = -0*w. Calculate the greatest common divisor of p and 37.
37
Suppose 0*l + 4 = g - l, 10 = 2*g - 3*l. Suppose 0 = -b - 3*c + 5 - 20, -c - 5 = 2*b. Suppose b = v - 6 - 4. Calculate the greatest common divisor of g and v.
2
Suppose 3*j = 4*j - 17. Suppose 2*s = -w + j, -2*w = -w + s - 15. Let z(y) = -13*y. Let f be z(-4). What is the highest common factor of f and w?
13
Let q be (-4)/((-12)/15) - 0. Suppose 0*a = -q*a + 160. What is the greatest common divisor of a and 16?
16
Suppose 0 = -3*c + 3*z - z + 106, 0 = 5*c + 2*z - 182. What is the highest common factor of 24 and c?
12
Let x be 20/(-6)*(-1 + (-19)/5). What is the highest common divisor of x and 176?
16
Let b = 98 + -6. Suppose 5*q - 95 = -o - 0*o, 4*o - b = -4*q. Calculate the highest common divisor of 12 and q.
6
Let f(r) = 10*r + 1. Let q be f(1). Let b = -353 - -680. Suppose 3*u + 0*u = -9, -u + b = 5*y. What is the greatest common divisor of q and y?
11
Let z be -7 + 2 - -12 - 5. Suppose -5*a = -1 - 24. Suppose -3*p - s + 27 = 0, 4*s + 47 = 5*p + a*s. Calculate the highest common factor of p and z.
2
Suppose o = 2*o - 32. What is the highest common factor of o and 80?
16
Let y(v) = v**2 - 2*v + 2. Let b be y(2). Let s be (1 - b)*(-4 - -2). Let o be (74 + -71)*20/6. What is the greatest common factor of s and o?
2
Suppose -3*m = -y - 0*y - 371, -4*y + 141 = m. Suppose -6*j = -3*j - 75. What is the greatest common divisor of m and j?
25
Let b = 50 - -13. What is the greatest common factor of b and 27?
9
Let a = 49 + -35. Let k = -78 - -218. Calculate the highest common factor of k and a.
14
Suppose 0 = -s - 0 + 2. Suppose g = 3, 0 = s*c + 2*c - 3*g + 21. Let t be 11/(-1 - 1 - c). What is the highest common divisor of t and 88?
11
Let q = -14 + 20. Suppose q = a - 10. What is the highest common factor of 2 and a?
2
Let l be (-2 + 3/2)*-96. What is the greatest common divisor of 6 and l?
6
Let m(n) = -n**3 - 6*n**2 - 8*n - 5. Let u be m(-5). Calculate the highest common divisor of 60 and u.
10
Let j(r) = r - 10. Let m be j(10). Suppose 5*u = -m*u + 35. What is the highest common divisor of u and 42?
7
Suppose 4*w - 5 = 7. Let b be 3/3 - (-30)/w. Let z(n) = 2*n**2 + 5*n + 3. Let p be z(4). What is the highest common factor of p and b?
11
Let d(a) = -2*a**3 + 2*a**2 + 6*a + 9. Let v be d(-5). Calculate the highest common divisor of 31 and v.
31
Let x(j) = -j - 2. Let c be x(-9). Suppose 2*b - 1 = c. Calculate the greatest common factor of 36 and b.
4
Let o(u) = -17*u + 21. Let y be o(-3). Let c = -11 - -20. Calculate the greatest common divisor of c and y.
9
Let p be (-6)/(-1*(-3)/(-3)). Let f = -65 + 71. What is the highest common factor of f and p?
6
Suppose 3*s = -7*g + 3*g + 92, 2*g = s - 14. Suppose 3*k - 119 - 61 = 0. What is the greatest common divisor of k and s?
12
Let g = 6 + -2. Suppose -3*b = 5*h - 8, 0*h + h + 2*b + g = 0. Suppose h = y + 2*o, 16 = 4*y - 0*o + o. What is the highest common factor of y and 8?
4
Suppose -3*i - 2856 = -24*i. What is the greatest common divisor of i and 34?
34
Let g(l) = -l**2 - 8*l + 14. Let d be g(-7). Calculate the highest common divisor of d and 7.
7
Let l = 44 + -26. Let a = 6 - -3. Calculate the highest common factor of l and a.
9
Suppose -109 = -4*x - 5. What is the greatest common divisor of x and 26?
26
Let q be 118 - -3 - (3 - 3). Calculate the highest common divisor of 11 and q.
11
Suppose 74 = 4*j - 46. Let l(y) = -y**2 + 4*y + 3. Let t be l(4). Suppose 0 = -t*h + 4*h - 45. What is the highest common factor of j and h?
15
Suppose 3*a + a + 3*u = 42, -a = -5*u + 1. Let x be (1 - 2)*(-6 - 4). Let q be (33 + 3)*x/4. Calculate the greatest common factor of a and q.
9
Let s(k) = k**3 + 4*k**2 + k - 4. Let o be s(-3). Let f be 1/1*40/o. What is the highest common divisor of 20 and f?
20
Suppose 2*r = -r + 42. Suppose 0 = 4*v - 26 - r. Calculate the highest common divisor of v and 20.
10
Let k be -1 - 0 - (-6